{"id":5364,"date":"2022-03-29T12:44:52","date_gmt":"2022-03-29T10:44:52","guid":{"rendered":"https:\/\/marqalicante.com\/gladiadores\/?post_type=portfolio&#038;p=5364"},"modified":"2022-04-01T12:54:30","modified_gmt":"2022-04-01T10:54:30","slug":"casco-de-un-thraex","status":"publish","type":"portfolio","link":"https:\/\/marqalicante.com\/gladiadores\/portfolio-item\/casco-de-un-thraex\/","title":{"rendered":"Casco de un Thraex"},"content":{"rendered":"<p>[vc_row][vc_column][vc_empty_space height=\u00bb45px\u00bb][vc_single_image image=\u00bb5389&#8243; img_size=\u00bblarge\u00bb alignment=\u00bbcenter\u00bb onclick=\u00bbimg_link_large\u00bb][\/vc_column][\/vc_row][vc_row][vc_column][vc_column_text css_animation=\u00bbfadeIn\u00bb]<\/p>\n<h1 class=\"p1\"><b>Casco de un <i>Thraex<\/i><\/b><\/h1>\n<p>[\/vc_column_text][\/vc_column][\/vc_row][vc_row][vc_column][vc_column_text]<\/p>\n<hr \/>\n<p class=\"p1\"><strong>Pompeya, Cuartel de los gladiadores<\/strong><\/p>\n<p class=\"p1\"><strong>50\u201379 d.C.<span class=\"Apple-converted-space\">\u00a0<\/span><\/strong><\/p>\n<p class=\"p1\"><strong>Bronce<\/strong><\/p>\n<p class=\"p1\"><strong>Museo Arqueol\u00f3gico Nacional, N\u00e1poles<span class=\"Apple-converted-space\">\u00a0<\/span><\/strong><\/p>\n<hr \/>\n<p class=\"p1\">Este casco perteneci\u00f3 a un <i>thraex,<\/i> un gladiador armado como los guerreros tracios del sureste de Europa. La cresta de este casco termina en la cabeza de un grifo y las plumas tambi\u00e9n podr\u00edan estar unidas a \u00e9l. En la parte delantera, el casco est\u00e1 decorado con la cabeza de una gorgona, posiblemente Medusa, un monstruo mitol\u00f3gico con serpientes por pelo. En los laterales hay delfines, as\u00ed como tubos en los que se pueden introducir plumas. El rostro del gladiador estaba cubierto por una visera de dos partes.<\/p>\n<p>[\/vc_column_text][\/vc_column][\/vc_row]<\/p>\n","protected":false},"excerpt":{"rendered":"<p><strong>Pompeya, Cuartel de los gladiadores<\/strong><br \/>\n<strong>50\u201379 d.C.<\/strong><br \/>\n<strong>Museo Arqueol\u00f3gico Nacional, N\u00e1poles<\/strong><br \/>\nEste casco perteneci\u00f3 a un thraex, un gladiador armado como los guerreros tracios del sureste de Europa.<\/p>\n","protected":false},"author":1,"featured_media":5389,"menu_order":0,"comment_status":"open","ping_status":"closed","template":"","meta":[],"portfolio-types":[77,47],"_links":{"self":[{"href":"https:\/\/marqalicante.com\/gladiadores\/wp-json\/wp\/v2\/portfolio\/5364"}],"collection":[{"href":"https:\/\/marqalicante.com\/gladiadores\/wp-json\/wp\/v2\/portfolio"}],"about":[{"href":"https:\/\/marqalicante.com\/gladiadores\/wp-json\/wp\/v2\/types\/portfolio"}],"author":[{"embeddable":true,"href":"https:\/\/marqalicante.com\/gladiadores\/wp-json\/wp\/v2\/users\/1"}],"replies":[{"embeddable":true,"href":"https:\/\/marqalicante.com\/gladiadores\/wp-json\/wp\/v2\/comments?post=5364"}],"wp:featuredmedia":[{"embeddable":true,"href":"https:\/\/marqalicante.com\/gladiadores\/wp-json\/wp\/v2\/media\/5389"}],"wp:attachment":[{"href":"https:\/\/marqalicante.com\/gladiadores\/wp-json\/wp\/v2\/media?parent=5364"}],"wp:term":[{"taxonomy":"portfolio-types","embeddable":true,"href":"https:\/\/marqalicante.com\/gladiadores\/wp-json\/wp\/v2\/portfolio-types?post=5364"}],"curies":[{"name":"wp","href":"https:\/\/api.w.org\/{rel}","templated":true}]}}

<p>[vc_row][vc_column][vc_empty_space height=»45px»][vc_single_image image=»5389&#8243; img_size=»large» alignment=»center» onclick=»img_link_large»][/vc_column][/vc_row][vc_row][vc_column][vc_column_text css_animation=»fadeIn»]</p>
<h1 class="p1"><b>Casco de un <i>Thraex</i></b></h1>
<p>[/vc_column_text][/vc_column][/vc_row][vc_row][vc_column][vc_column_text]</p>
<hr />
<p class="p1"><strong>Pompeya, Cuartel de los gladiadores</strong></p>
<p class="p1"><strong>50–79 d.C.<span class="Apple-converted-space"> </span></strong></p>
<p class="p1"><strong>Bronce</strong></p>
<p class="p1"><strong>Museo Arqueológico Nacional, Nápoles<span class="Apple-converted-space"> </span></strong></p>
<hr />
<p class="p1">Este casco perteneció a un <i>thraex,</i> un gladiador armado como los guerreros tracios del sureste de Europa. La cresta de este casco termina en la cabeza de un grifo y las plumas también podrían estar unidas a él. En la parte delantera, el casco está decorado con la cabeza de una gorgona, posiblemente Medusa, un monstruo mitológico con serpientes por pelo. En los laterales hay delfines, así como tubos en los que se pueden introducir plumas. El rostro del gladiador estaba cubierto por una visera de dos partes.</p>
<p>[/vc_column_text][/vc_column][/vc_row]</p>

<p><strong>Pompeya, Cuartel de los gladiadores</strong><br />
<strong>50–79 d.C.</strong><br />
<strong>Museo Arqueológico Nacional, Nápoles</strong><br />
Este casco perteneció a un thraex, un gladiador armado como los guerreros tracios del sureste de Europa.</p>
